86 and 22?
22
What is the greatest common divisor of 240 and 23640?
120
What is the highest common divisor of 698838 and 42?
42
Calculate the highest common divisor of 90393 and 145.
29
Calculate the highest common factor of 228 and 24936.
12
What is the greatest common factor of 4351 and 6745?
19
Calculate the highest common factor of 488 and 4453.
61
Calculate the greatest common factor of 3700849 and 34.
17
Calculate the greatest common factor of 18075 and 226781.
241
Calculate the greatest common divisor of 5180 and 112665.
1295
Calculate the highest common factor of 9991 and 2328.
97
What is the highest common factor of 1734 and 87?
3
Calculate the greatest common factor of 86496 and 7089.
51
Calculate the greatest common factor of 17512 and 26972.
44
What is the greatest common factor of 324 and 56556?
36
Calculate the highest common factor of 44086 and 19698.
938
Calculate the greatest common divisor of 264 and 1562.
22
Calculate the highest common divisor of 1564 and 308246.
46
What is the greatest common factor of 54 and 744795?
27
Calculate the greatest common factor of 41 and 129929.
41
What is the highest common factor of 110 and 1243385?
55
What is the highest common divisor of 41990 and 40?
10
Calculate the greatest common divisor of 1446 and 1292001.
723
Calculate the highest common factor of 384930 and 470.
470
Calculate the greatest common factor of 284606 and 116.
58
What is the highest common factor of 721 and 10346?
7
What is the highest common divisor of 6408 and 59256?
72
Calculate the highest common factor of 1330 and 12320.
70
What is the greatest common divisor of 299323 and 43?
43
Calculate the highest common divisor of 16113 and 12792.
123
Calculate the greatest common divisor of 138 and 20310.
6
What is the highest common divisor of 2332 and 4?
4
Calculate the highest common divisor of 128674 and 8281.
637
What is the greatest common divisor of 6201 and 212?
53
What is the greatest common factor of 18767 and 4213?
383
What is the highest common factor of 32 and 562?
2
Calculate the greatest common divisor of 79964 and 52.
4
Calculate the highest common factor of 460800 and 1120.
160
What is the greatest common factor of 26 and 4648?
2
What is the greatest common divisor of 757769 and 753?
251
What is the greatest common divisor of 34050 and 420?
30
Calculate the greatest common divisor of 303 and 190082.
101
What is the greatest common factor of 650 and 207025?
325
What is the highest common divisor of 812 and 322?
14
Calculate the highest common divisor of 27 and 130356.
27
Calculate the highest common divisor of 45 and 1970901.
9
Calculate the highest common divisor of 79267 and 31.
31
What is the highest common divisor of 1200072 and 186?
186
Calculate the highest common divisor of 753430 and 472.
118
Calculate the highest common factor of 76722 and 1026.
114
What is the highest common factor of 273307 and 17187?
337
What is the greatest common factor of 52235 and 310?
155
What is the highest common factor of 4890 and 690?
30
What is the highest common factor of 272 and 18462?
34
What is the highest common divisor of 520 and 7900?
20
What is the greatest common divisor of 51499 and 98?
49
What is the highest common divisor of 1144 and 59696?
104
What is the highest common factor of 24 and 1583832?
24
Calculate the greatest common divisor of 2464739 and 29.
29
What is the greatest common divisor of 58 and 546911?
29
Calculate the highest common factor of 1665 and 13135.
185
Calculate the highest common divisor of 15232 and 154.
14
Calculate the highest common factor of 488760 and 165.
15
What is the highest common divisor of 418 and 11198?
22
Calculate the greatest common divisor of 491927 and 29.
29
Calculate the greatest common factor of 61332 and 342.
114
What is the highest common factor of 2588 and 181807?
647
What is the highest common divisor of 21063 and 18?
3
Calculate the highest common factor of 3050 and 3650.
50
What is the highest common divisor of 1111 and 66761?
101
What is the greatest common factor of 387 and 22833?
387
Calculate the greatest common divisor of 237 and 177987.
237
Calculate the greatest common divisor of 172528 and 263.
263
Calculate the highest common divisor of 3256 and 9636.
44
What is the greatest common divisor of 4056 and 5577?
507
Calculate the highest common divisor of 57672 and 810.
162
Calculate the greatest common divisor of 34755 and 6300.
105
Calculate the highest common factor of 286 and 755304.
22
What is the highest common factor of 2243211 and 3?
3
Calculate the highest common factor of 8178 and 870.
174
What is the greatest common divisor of 758 and 436229?
379
What is the greatest common divisor of 7006149 and 2538?
1269
Calculate the highest common factor of 1622 and 753419.
811
What is the greatest common factor of 880 and 464?
16
What is the greatest common divisor of 2655 and 4545?
45
What is the greatest common divisor of 43790 and 55680?
290
Calculate the greatest common factor of 400 and 11075.
25
Calculate the highest common divisor of 7496 and 152.
8
Calculate the highest common divisor of 18898 and 1617.
11
Calculate the greatest common factor of 168 and 14076.
12
What is the highest common divisor of 97929 and 51597?
1053
What is the greatest common factor of 6488 and 40?
8
What is the greatest common divisor of 1976 and 42536?
104
What is the highest common divisor of 138 and 582?
6
Calculate the greatest common factor of 293792 and 32.
32
Calculate the greatest common divisor of 1149038 and 522.
58
Calculate the highest common divisor of 100 and 33725.
25
What is the highest common factor of 8385 and 70305?
645
Calculate the greatest common divisor of 441809 and 83.
83
Calculate the highest common factor of 7460352 and 9.
9
What is the greatest common factor of 182330 and 110?
10
What is the highest common divisor of 29238 and 132?
66
What is the highest common divisor of 1393 and 2156?
7
What is the highest common divisor of 18189 and 258688?
2021
Calculate the greatest common divisor of 822 and 143576.
274
Calculate the greatest common factor of 1751 and 2176.
17
What is the greatest common divisor of 102 and 178279?
17
What is the highest common factor of 5794596 and 159?
159
Calculate the highest common divisor of 60 and 104080.
20
Calculate the highest common factor of 4602612 and 942.
942
Calculate the highest common factor of 6875 and 715.
55
What is the highest common factor of 5840 and 2348410?
730
Calculate the greatest common factor of 10836 and 3500.
28
What is the highest common divisor of 18 and 18984?
6
What is the greatest common divisor of 89172 and 96?
12
What is the highest common divisor of 30 and 7845?
15
What is the greatest common divisor of 530 and 212477?
53
Calculate the greatest common divisor of 6952 and 790.
158
Calculate the greatest common factor of 15040 and 800.
160
What is the highest common factor of 129 and 21801?
129
Calculate the highest common factor of 3476 and 44.
44
Calculate the highest common divisor of 3218527 and 13.
13
Calculate the highest common divisor of 91785 and 3915.
435
What is the highest common divisor of 17966 and 468?
26
Calculate the greatest common divisor of 166008 and 136.
8
What is the greatest common factor of 10770848 and 16?
16
What is the greatest common factor of 19374 and 18?
6
Calculate the greatest common divisor of 14074 and 620.
62
What is the highest common factor of 1121725 and 110?
55
Calculate the greatest common factor of 21744 and 2864.
16
What is the greatest common divisor of 151827 and 5496?
687
Calculate the highest common factor of 290 and 377870.
290
What is the highest common factor of 13088 and 2?
2
What is the greatest common factor of 93 and 1425411?
93
Calculate the greatest common divisor of 5696 and 5429.
89
Calculate the greatest common divisor of 9 and 1638.
9
What is the highest common divisor of 219336 and 208?
104
What is the greatest common factor of 1892 and 94127?
473
What is the highest common divisor of 6300 and 189?
63
Calculate the highest common factor of 15070 and 10395.
55
What is the highest common divisor of 28371 and 2?
1
What is the greatest common divisor of 50 and 29020?
10
What is the highest common divisor of 96 and 101424?
48
Calc